 -17*y**3 + 13*y**2 + 12*y + 178. What is the thousands digit of k(-7)?
6
Suppose -2*i + 5*c = 6, -3*c + 7*c = i + 6. Suppose -2*j + 134 = 2*k, -i*j - 5*k + 91 = -55. What is the units digit of j?
3
Suppose 7*b + 636 = 10*b. Let o = 621 - b. What is the units digit of o?
9
Let z(d) = -d**3 - 14*d**2 + 16*d + 20. Let u be -1*13 + (-3 + 5)*-1. Let s be z(u). Suppose -s = a - 0*a, g = 5*a + 114. What is the units digit of g?
9
Let j be 5158 - (-5 - (-4 - 0)). Suppose 0 = 8*a - 393 - j. What is the tens digit of a?
9
Let c = 27219 - 13628. What is the thousands digit of c?
3
Suppose -w = v - 6*w + 29, -2*w = 2*v + 106. Let y = 21 + v. What is the hundreds digit of 2/(-4) - 2898/y?
1
Suppose 0 = 10*t + 384 + 316. Let l be (-3 - t/25) + 88/(-10). Let y(i) = i**2 - 12*i - 40. What is the hundreds digit of y(l)?
1
Suppose -p - 4*f + 426 = 0, p - 4*p + 3*f + 1323 = 0. Suppose 3*y = v - 6*v + 539, 4*v = y + p. What is the tens digit of v?
0
Let k(g) be the first derivative of 300*g**2 + 12*g + 5. Let b be k(1). Suppose -4*z - 132 + b = 0. What is the hundreds digit of z?
1
Let t(d) = 2*d**2 - 5*d - 283. What is the hundreds digit of t(-35)?
3
Let u = -605 - -600. What is the units digit of (732/(-10))/((-72)/(-15) + u)?
6
Let o(t) = -t**3 - 23*t**2 - 22*t + 15. Let k be o(-22). Let r(y) = -561*y**2 - 9*y + 280*y**2 + 282*y**2 + k. What is the units digit of r(14)?
5
Suppose -66*j + 5904 = -62*j. Let k = -736 + j. What is the units digit of ((-4)/(-10))/(4/k)?
4
Let f(s) = s**3 - 17*s**2 + 27*s + 49. Let y be f(15). Suppose 0 = -5*v + 2*r - 1574 + 9838, -3*v = -y*r - 4964. What is the hundreds digit of v?
6
Suppose 564*o + 2116730 = 634*o. What is the hundreds digit of o?
2
Suppose -292*q + 281*q = -5918. Suppose -i + 3*y - 7*y = -565, -5*y = -i + q. What is the tens digit of i?
5
Suppose 54*c + 158*c = -50*c + 639804. What is the tens digit of c?
4
Let d = 18875 + -9175. What is the hundreds digit of d?
7
Let l = -199 + 19. Let j = -85 - l. What is the units digit of j?
5
Suppose -r = 4*r - 30. Suppose 3*v = r*v - 342. Suppose 2*a = -4*a + v. What is the tens digit of a?
1
Suppose -3*n = -13*n + 20. Let w(b) = -100*b + 1. Let v be w(n). Let i = v + 313. What is the units digit of i?
4
Let l = -84 - -185. Let s = l + 167. What is the tens digit of s?
6
Let f(d) = d**2 - 13*d - 141. Let x be f(30). Suppose 0*y + w = -2*y + 752, 0 = y - 3*w - x. What is the hundreds digit of y?
3
Let c(n) = -29247*n**3 + 2*n**2 + 4*n + 3. What is the ten thousands digit of c(-1)?
2
Let h(t) = 211*t**2 + 56*t + 47. What is the thousands digit of h(6)?
7
Suppose -q + 2*z = 2, -1 = -5*z + 9. Suppose q*s - 7 + 1 = b, 0 = 3*b - 4*s + 8. Suppose -266 - 134 = -b*i. What is the tens digit of i?
0
Let q(y) = -3*y - y**2 + 16 - 7 + 9 - 9*y. Let z(w) = w - 6. Let a be z(-7). What is the units digit of q(a)?
5
Let c(k) = -k**3 - 10*k**2 + 8*k - 2. Let l be c(8). Let u = l + 1630. What is the units digit of u?
0
Let q(d) = d**3 - 6*d**2 + 7*d + 2. Let w be q(8). Let z be 10/((-2)/((-30)/5)). What is the units digit of w/5 - 6/z?
7
Let a be ((-46)/(-42) - 1) + 513633/63. Suppose -53*q + 15803 = -a. What is the tens digit of q?
5
Let q(d) = -768*d + 126. What is the ten thousands digit of q(-13)?
1
Suppose -517664 = 6096*j - 6110*j. What is the units digit of j?
6
Let q(u) = -6*u**2 + 9*u + 22*u**2 + 15*u**2 - 5. Suppose -106*t = -95*t - 22. What is the units digit of q(t)?
7
What is the thousands digit of ((-5 - 0) + 11180/(-12))/((-10)/135)?
2
Let y(v) = 147*v + 407. What is the thousands digit of y(28)?
4
Suppose -170*g = -330*g + 184*g - 890088. What is the tens digit of g?
8
What is the tens digit of (22266/(-12))/((0 - 1) + (-10)/(-12))?
3
Suppose 23 + 151 = -29*b. What is the units digit of (-1223)/b - 3/(-36)*2?
4
Suppose -22*r = -21*r - 6. Suppose r*s = 2*s + 3*b + 1739, -3*b + 416 = s. What is the hundreds digit of s?
4
Let k be (-7)/(42/(-12)) + -1 + -1. Suppose 2*n - n + 0*n = k. Suppose -246 = -2*b - n*b. What is the tens digit of b?
2
Let q(g) = 4*g + 92. Let u(r) = -5*r - 90. Let s(a) = 4*q(a) + 5*u(a). What is the tens digit of s(-16)?
6
Let g be (-2)/(-8) - (-14)/8. Let x be (g - 2) + 0 + 46. Let h = -26 + x. What is the tens digit of h?
2
Suppose 97*k - 1231455 - 813847 = -741525. What is the hundreds digit of k?
4
What is the tens digit of (4888/(-6))/(82/(-123))?
2
Let q(b) = -18*b. Let s(i) = -i**3 + 7*i**2 + 9*i. Let k be s(8). Suppose 2 = k*o + 10. What is the units digit of q(o)?
8
Suppose -30*f - 338988 = -43*f. What is the hundreds digit of f?
0
Let k = 69 + -133. Let i = 76 + k. What is the hundreds digit of -489*(-4)/i - -4?
1
Let r = -7048 - -8741. What is the hundreds digit of r?
6
Let j(c) = c**3 + 31*c**2 + 56*c - 61. Let x be j(-29). What is the units digit of ((660/9)/(-5))/(1/x)?
4
Let k(t) = 28*t + 1063. What is the tens digit of k(90)?
8
Let a = 138 - -436. Let d = -55 + 651. Suppose 10*f - a = d. What is the units digit of f?
7
Let v(k) be the second derivative of -k**4/12 + 7*k**3/3 - 8*k**2 - 10*k. Let q be v(19). Let i = 369 + q. What is the tens digit of i?
5
What is the hundreds digit of (7 - 1) + -13 - -31549?
5
Let w be 1/(-2)*0/1. Suppose -7314 = -63*o + 5286. Suppose w*g - o = -2*g. What is the units digit of g?
0
What is the units digit of 16/28 - (172752/(-14) + (-41 - -45))?
6
Suppose -23 - 7 = -5*p. What is the tens digit of (-9)/p*(-227 - -1)?
3
Let i(f) = -5*f + 30. Let w be i(-13). Let o = w - 97. What is the tens digit of 93 + o + 1 + 3?
9
What is the tens digit of (1071819/(-126))/(1/((-4)/6))?
7
Suppose 0 = 2*p - 5*v - 22727, -7*v + 4*v = 3*p - 34080. What is the units digit of p?
1
Let l(q) be the third derivative of 1/3*q**4 - 31*q**2 + 0 + 0*q - 8/3*q**3. What is the tens digit of l(13)?
8
Let m(n) = n**2 - 10*n + 12. Let q be m(9). Suppose -u = -0*u - q*u. Suppose -4*k - 2*j + 0*j + 38 = 0, 5*k + 2*j - 45 = u. What is the units digit of k?
7
Suppose 3*v - 5*g = v - 7, 3*v + 3 = 5*g. Let h(i) = 31*i - 4 - v*i**2 - 20*i + 3*i**2 + 9*i. What is the tens digit of h(15)?
7
Let u = 40039 + -22680. What is the tens digit of u?
5
Let h(z) = 5*z**2 + 18*z - 163. What is the tens digit of h(14)?
6
Let t(s) = -15*s - 7. Let a be t(-1). Let i be 9*a/14 + (-15)/105. Suppose -617 = -i*m - 232. What is the tens digit of m?
7
Suppose -3*f + 15 = 3. Let g = 252 - 2. Suppose 0 = -f*n + g + 26. What is the units digit of n?
9
Suppose -7*s + 5*s + 40 = 0. Let l be (s/8)/((-5)/(-4)). Suppose y + 0*r + 3*r - 45 = 0, -90 = -l*y - 3*r. What is the units digit of y?
5
Let p = 96764 + -56893. What is the thousands digit of p?
9
Let w be 56/(-26) + 2 + 4906/286. Suppose -j = 3*l - w, j + 3*j = -4. Let i(z) = -z**3 + 10*z**2 - 4*z - 13. What is the units digit of i(l)?
7
Suppose 15 = 3*u + 3*n, -4*n = u - 6*n - 2. Suppose -6*k = -u*i - k - 457, 2*i + k = -239. What is the tens digit of (i/(-8))/((-18)/(-216))?
7
Suppose 10*i = 82 + 18. Suppose i*n = 833 + 837. What is the tens digit of n?
6
Let b(x) = 2*x**2 - 6*x + 5. Suppose -u + 4*p = -2*u + 15, p = 3. Suppose 2*f = -r + 1, 0 = -5*f + u*f + 4*r + 26. What is the units digit of b(f)?
5
Suppose 2*m + r = 80091, 9*r - 52802 = -3*m + 67282. What is the thousands digit of m?
0
Let i(m) = 384*m + 350. Let a be i(16). Suppose 13*r + a = 30*r. What is the units digit of r?
2
Let b(n) = -2*n**2 + 17*n + 55. Let x be b(11). What is the tens digit of (2/(-4) - x)*-626?
1
Let u be (8/24)/(62/(-30) - -2). Let h(w) = -w**3 - 3*w**2 - 32. What is the units digit of h(u)?
8
Suppose 965*q - 959*q - 43086 = 0. What is the hundreds digit of q?
1
Let c = -5 - -7. Suppose q + j - 4 = c*j, 1 = j. Suppose q*z - 80 = 4*z. What is the units digit of z?
0
Let t(j) = j**3 + 5*j**2 - j + 32. Let m be t(-8). Let l = m + 159. What is the units digit of l?
7
Suppose -2*n + 0*n = -7*n + 50715. What is the hundreds digit of n?
1
Suppose 0 = -92*z + 168*z - 93*z + 4488. What is the units digit of z?
4
Let d = 44164 - 26831. Suppose d = 20*n - 10347. What is the units digit of n?
4
Suppose -843*z = -847*z - 16404. Let g be 1*7 - (-11)/11. What is the tens digit of (g/10)/(z/(-1365) + -3)?
8
Let l(n) = 5*n**2 + 7*n + 6. Let q(y) = 6*y**2 + 7*y + 6. Let z(w) = -5*l(w) + 4*q(w). Let j be z(-5). What is the tens digit of 11/22 + 194/j?